{"id":3,"date":"2019-11-14T14:52:40","date_gmt":"2019-11-14T13:52:40","guid":{"rendered":"http:\/\/www.serwer19914.lh.pl\/%C5%82adnydach\/?page_id=3"},"modified":"2020-01-02T19:27:14","modified_gmt":"2020-01-02T18:27:14","slug":"polityka-prywatnosci","status":"publish","type":"page","link":"https:\/\/www.budowadomowrzeszow.eu\/index.php\/polityka-prywatnosci\/","title":{"rendered":"RODO &#038; Polityka prywatno\u015bci"},"content":{"rendered":"\n<h2>&nbsp;<\/h2>\n\n\n\n<p>Administratorem danych osobowych U\u017cytkownika udost\u0119pnionych za po\u015brednictwem formularza kontaktowego, czyli podmiotem decyduj\u0105cym o celach i sposobach ich przetwarzania, jest&nbsp;<strong>\u0141adny Dach Mariusz Bryda <\/strong>z siedzib\u0105: ul. Modrzewiowa 87a, 38-100 Rzesz\u00f3w, NIP 8191529246 &nbsp;<em>(dalej jako Administrator)<\/em>.<\/p>\n\n\n\n<p>Podane przez U\u017cytkownika w formularzu kontaktowym dane osobowe s\u0105 przetwarzane przez Administratora na podstawie zgody wyra\u017conej przez U\u017cytkownika, w rozumieniu art. 6 ust. 1 lit. a)Rozporz\u0105dzenia Parlamentu Europejskiego i Rady (UE) 2016\/679 z dnia 27 kwietnia 2016 r. w sprawie ochrony os\u00f3b fizycznych w zwi\u0105zku z przetwarzaniem danych osobowych i w sprawie swobodnego przep\u0142ywu takich danych oraz uchylenia dyrektywy 95\/46\/WE \u2013 zwanego dalej RODO.<\/p>\n\n\n\n<p>Podanie danych osobowych zawartych w formularzu kontaktowym jest dobrowolne. U\u017cytkownik ma prawo do cofni\u0119cia wyra\u017conej zgody w dowolnym momencie poprzez kontakt z Administratorem&nbsp; <strong>kontakt@ladnydachrzeszow.pl<\/strong> &nbsp;<strong>,<\/strong>&nbsp;bez wp\u0142ywu na zgodno\u015b\u0107 z prawem przetwarzania, kt\u00f3rego dokonano na podstawie zgody przed jej cofni\u0119ciem.<\/p>\n\n\n\n<p>U\u017cytkownikowi przys\u0142uguje prawo dost\u0119pu do swoich danych osobowych w ka\u017cdym czasie, ich sprostowania, usuni\u0119cia lub ograniczenia przetwarzania oraz prawo do wniesienia sprzeciwu wobec przetwarzania, a tak\u017ce prawo do przenoszenia danych.<\/p>\n\n\n\n<p>Administrator przetwarza dane osobowe U\u017cytkownika Serwisu w nast\u0119puj\u0105cych celach:<\/p>\n\n\n\n<ol><li>Komunikacji z U\u017cytkownikiem, w szczeg\u00f3lno\u015bci obs\u0142ugi reklamacji dotycz\u0105cych produkt\u00f3w lub us\u0142ug Administratora;<\/li><li>Przedstawiania U\u017cytkownikowi ofert handlowych drog\u0105 elektroniczn\u0105;<\/li><li>Informacji o nowo\u015bciach (produkt\u00f3w, us\u0142ug) oferowanych przez&nbsp;&nbsp; <strong>\u0141adny Dach Mariusz Bryda<\/strong>.<\/li><li>Przes\u0142ania informacji na temat nowych promocji na produkty w ofercie&nbsp;&nbsp; <strong>\u0141adny Dach Mariusz Bryda<\/strong>.<\/li><li>Przedstawiania U\u017cytkownikowi ofert handlowych w kontakcie telefonicznym.<\/li><\/ol>\n\n\n\n<p>Administrator mo\u017ce przetwarza\u0107 dane osobowe U\u017cytkownika podane w formularzu kontaktowym r\u00f3wnie\u017c w nast\u0119puj\u0105cych celach:<\/p>\n\n\n\n<ol><li>w celu zawarcia i realizacji ewentualnej umowy pomi\u0119dzy U\u017cytkownikiem a Administratorem oraz obs\u0142ugi U\u017cytkownika jako klienta Administratora zgodnie z art. 6 ust. 1 lit. b) RODO;<\/li><li>w celu prowadzenia rozlicze\u0144 finansowych z U\u017cytkownikiem b\u0119d\u0105cym klientem Administratora tytu\u0142em realizacji ewentualnej umowy zawartej mi\u0119dzy stronami, a tak\u017ce ewentualnego dochodzenia roszcze\u0144 od U\u017cytkownika b\u0119d\u0105cego klientem w ramach prawnie uzasadnionego interesu Administratora zgodnie z art. 6 ust. 1 lit. f) RODO oraz spe\u0142nienia obowi\u0105zk\u00f3w prawnych Administratora wobec organ\u00f3w podatkowych na podstawie odr\u0119bnych przepis\u00f3w zgodnie z art. 6 ust. 1 lit. c) RODO;<\/li><li>w celu realizacji dzia\u0142a\u0144 marketingowych Administratora w ramach prawnie uzasadnionego interesu Administratora w rozumieniu art. 6 ust. 1 lit. f) RODO, a tak\u017ce zgodnie z o\u015bwiadczeniami woli dotycz\u0105cymi komunikacji marketingowej z\u0142o\u017conymi wobec Administratora. Zgody udzielone w zakresie komunikacji marketingowej (np. na przesy\u0142anie informacji handlowych drog\u0105 elektroniczn\u0105 lub kontakt telefoniczny w celach marketingu bezpo\u015bredniego) mog\u0105 by\u0107 wycofane w dowolnym czasie, bez wp\u0142ywu na zgodno\u015b\u0107 z prawem przetwarzania, kt\u00f3rego dokonano na podstawie zgody przed jej cofni\u0119ciem;<\/li><li>w celu realizacji obowi\u0105zk\u00f3w prawnych Administratora wobec U\u017cytkownika okre\u015blonych w RODO, w rozumieniu art. 6 ust. 1 lit. c) RODO.<\/li><\/ol>\n\n\n\n<p>Dane osobowe U\u017cytkownika nie s\u0105 przekazywane przez Administratora podmiotom trzecim.<\/p>\n\n\n\n<p>Administrator przechowuje dane osobowe przez taki okres, jaki jest konieczny do osi\u0105gni\u0119cia okre\u015blonych cel\u00f3w, tj.:<\/p>\n\n\n\n<ul><li>przez okres prowadzenia dzia\u0142alno\u015bci gospodarczej przez Administratora.<\/li><\/ul>\n\n\n\n<p>W przypadku jakichkolwiek pyta\u0144 lub problem\u00f3w zwi\u0105zanych z przetwarzaniem danych osobowych nale\u017cy kontaktowa\u0107 si\u0119 z Administratorem pod nast\u0119puj\u0105cym adresem:<br><strong>\u0141adny Dach Mariusz Bryda<\/strong> ul. Modrzewiowa 87a, 38-100 Rzesz\u00f3w<\/p>\n\n\n\n<p>U\u017cytkownik ma prawo do wniesienia skargi do Prezesa Urz\u0119du Ochrony Danych Osobowych.<\/p>\n\n\n\n<h3>Komentarze<\/h3>\n\n\n\n<p>Kiedy odwiedzaj\u0105cy witryn\u0119 zostawia komentarz, zbieramy dane widoczne w formularzu komentowania, jak i adres IP odwiedzaj\u0105cego oraz podpis jego przegl\u0105darki jako pomoc przy wykrywaniu spamu.<\/p>\n\n\n\n<p>Zanonimizowany ci\u0105g znak\u00f3w stworzony na podstawie twojego adresu email (tak zwany hash) mo\u017ce zosta\u0107 przes\u0142any do us\u0142ugi Gravatar w celu sprawdzenia czy jej u\u017cywasz. Polityka prywatno\u015bci us\u0142ugi Gravatar jest dost\u0119pna tutaj: https:\/\/automattic.com\/privacy\/. Po zatwierdzeniu komentarza tw\u00f3j obrazek profilowy jest widoczny publicznie w kontek\u015bcie twojego komentarza.<\/p>\n\n\n\n<h3>Osadzone tre\u015bci z innych witryn<\/h3>\n\n\n\n<p>Artyku\u0142y na tej witrynie mog\u0105 zawiera\u0107 osadzone tre\u015bci (np. filmy, obrazki, artyku\u0142y itp.). Osadzone tre\u015bci z innych witryn zachowuj\u0105 si\u0119 analogicznie do tego, jakby u\u017cytkownik odwiedzi\u0142 bezpo\u015brednio konkretn\u0105 witryn\u0119.<\/p>\n\n\n\n<p>Witryny mog\u0105 zbiera\u0107 informacje o tobie, u\u017cywa\u0107 ciasteczek, do\u0142\u0105cza\u0107 dodatkowe, zewn\u0119trzne systemy \u015bledzenia i monitorowa\u0107 twoje interakcje z osadzonym materia\u0142em, w\u0142\u0105czaj\u0105c w to \u015bledzenie twoich interakcji z osadzonym materia\u0142em je\u015bli posiadasz konto i jeste\u015b zalogowany w tamtej witrynie.<\/p>\n\n\n\n<h2>Jak d\u0142ugo przechowujemy twoje dane<\/h2>\n\n\n\n<p>Je\u015bli zostawisz komentarz, jego tre\u015b\u0107 i metadane b\u0119d\u0105 przechowywane przez czas nieokre\u015blony. Dzi\u0119ki temu jeste\u015bmy w stanie rozpoznawa\u0107 i zatwierdza\u0107 kolejne komentarze automatycznie, bez wysy\u0142ania ich do ka\u017cdorazowej moderacji.<\/p>\n\n\n\n<h2>Gdzie przesy\u0142amy dane<\/h2>\n\n\n\n<p>Komentarze go\u015bci mog\u0105 by\u0107 sprawdzane za pomoc\u0105 automatycznej us\u0142ugi wykrywania spamu.<\/p>\n\n\n\n<h2>Jakie dane osobiste zbieramy i dlaczego je zbieramy<\/h2>\n\n\n\n<h3>Komentarze<\/h3>\n\n\n\n<p>Kiedy odwiedzaj\u0105cy witryn\u0119 zostawia komentarz, zbieramy dane widoczne w formularzu komentowania, jak i adres IP odwiedzaj\u0105cego oraz podpis jego przegl\u0105darki jako pomoc przy wykrywaniu spamu.<\/p>\n\n\n\n<p>Zanonimizowany ci\u0105g znak\u00f3w stworzony na podstawie twojego adresu email (tak zwany hash) mo\u017ce zosta\u0107 przes\u0142any do us\u0142ugi Gravatar w celu sprawdzenia czy jej u\u017cywasz. Polityka prywatno\u015bci us\u0142ugi Gravatar jest dost\u0119pna tutaj: https:\/\/automattic.com\/privacy\/. Po zatwierdzeniu komentarza tw\u00f3j obrazek profilowy jest widoczny publicznie w kontek\u015bcie twojego komentarza.<\/p>\n\n\n\n<h3>Media<\/h3>\n\n\n\n<p>Je\u015bli jeste\u015b zarejestrowanym u\u017cytkownikiem i wgrywasz na witryn\u0119 obrazki, powiniene\u015b unika\u0107 przesy\u0142ania obrazk\u00f3w z tagami EXIF lokalizacji. Odwiedzaj\u0105cy stron\u0119 mog\u0105 pobra\u0107 i odczyta\u0107 pe\u0142ne dane lokalizacyjne z obrazk\u00f3w w witrynie.<\/p>\n\n\n\n<h3>Ciasteczka<\/h3>\n\n\n\n<p>Je\u015bli zostawisz na naszej witrynie komentarz, b\u0119dziesz m\u00f3g\u0142 wybra\u0107 opcj\u0119 zapisu twojej nazwy, adresu email i adresu strony internetowej w ciasteczkach, dzi\u0119ki kt\u00f3rym podczas pisania kolejnych komentarzy powy\u017csze informacje b\u0119d\u0105 ju\u017c dogodnie uzupe\u0142nione. Te ciasteczka wygasaj\u0105 po roku.<\/p>\n\n\n\n<p>Je\u015bli odwiedzisz stron\u0119 logowania, utworzymy tymczasowe ciasteczko na potrzeby sprawdzenia czy twoja przegl\u0105darka akceptuje ciasteczka. To ciasteczko nie zawiera \u017cadnych danych osobistych i zostanie wyrzucone, kiedy zamkniesz przegl\u0105dark\u0119.<\/p>\n\n\n\n<p>Podczas logowania tworzymy dodatkowo kilka ciasteczek potrzebnych do zapisu twoich informacji logowania oraz wybranych opcji ekranu. Ciasteczka logowania wygasaj\u0105 po dw\u00f3ch dniach, a opcji ekranu po roku. Je\u015bli zaznaczysz opcj\u0119 \u201ePami\u0119taj mnie\u201d, logowanie wyga\u015bnie po dw\u00f3ch tygodniach. Je\u015bli wylogujesz si\u0119 ze swojego konta, ciasteczka logowania zostan\u0105 usuni\u0119te.<\/p>\n\n\n\n<p>Je\u015bli zmodyfikujesz albo opublikujesz artyku\u0142, w twojej przegl\u0105darce zostanie zapisane dodatkowe ciasteczko. To ciasteczko nie zawiera \u017cadnych danych osobistych, wskazuj\u0105c po prostu na identyfikator przed chwil\u0105 edytowanego artyku\u0142u. Wygasa ono po 1 dniu.<\/p>\n\n\n\n<h3>Osadzone tre\u015bci z innych witryn<\/h3>\n\n\n\n<p>Artyku\u0142y na tej witrynie mog\u0105 zawiera\u0107 osadzone tre\u015bci (np. filmy, obrazki, artyku\u0142y itp.). Osadzone tre\u015bci z innych witryn zachowuj\u0105 si\u0119 analogicznie do tego, jakby u\u017cytkownik odwiedzi\u0142 bezpo\u015brednio konkretn\u0105 witryn\u0119.<\/p>\n\n\n\n<p>Witryny mog\u0105 zbiera\u0107 informacje o tobie, u\u017cywa\u0107 ciasteczek, do\u0142\u0105cza\u0107 dodatkowe, zewn\u0119trzne systemy \u015bledzenia i monitorowa\u0107 twoje interakcje z osadzonym materia\u0142em, w\u0142\u0105czaj\u0105c w to \u015bledzenie twoich interakcji z osadzonym materia\u0142em je\u015bli posiadasz konto i jeste\u015b zalogowany w tamtej witrynie.<\/p>\n\n\n\n<h2>Jak d\u0142ugo przechowujemy twoje dane<\/h2>\n\n\n\n<p>Je\u015bli zostawisz komentarz, jego tre\u015b\u0107 i metadane b\u0119d\u0105 przechowywane przez czas nieokre\u015blony. Dzi\u0119ki temu jeste\u015bmy w stanie rozpoznawa\u0107 i zatwierdza\u0107 kolejne komentarze automatycznie, bez wysy\u0142ania ich do ka\u017cdorazowej moderacji.<\/p>\n\n\n\n<p>Dla u\u017cytkownik\u00f3w kt\u00f3rzy zarejestrowali si\u0119 na naszej stronie internetowej (je\u015bli tacy s\u0105), przechowujemy r\u00f3wnie\u017c informacje osobiste wprowadzone w profilu. Ka\u017cdy u\u017cytkownik mo\u017ce dokona\u0107 wgl\u0105du, korekty albo skasowa\u0107 swoje informacje osobiste w dowolnej chwili (nie licz\u0105c nazwy u\u017cytkownika, kt\u00f3rej nie mo\u017cna zmieni\u0107). Administratorzy strony r\u00f3wnie\u017c mog\u0105 przegl\u0105da\u0107 i modyfikowa\u0107 te informacje.<\/p>\n\n\n\n<h2>Jakie masz prawa do swoich danych<\/h2>\n\n\n\n<p>Je\u015bli masz konto u\u017cytkownika albo doda\u0142e\u015b komentarze w tej witrynie, mo\u017cesz za\u017c\u0105da\u0107 dostarczenia pliku z wyeksportowanym kompletem twoich danych osobistych b\u0119d\u0105cych w naszym posiadaniu, w tym ca\u0142o\u015b\u0107 tych dostarczonych przez ciebie. Mo\u017cesz r\u00f3wnie\u017c za\u017c\u0105da\u0107 usuni\u0119cia przez nas ca\u0142o\u015bci twoich danych osobistych w naszym posiadaniu. Nie dotyczy to \u017cadnych danych kt\u00f3re jeste\u015bmy zobligowani zachowa\u0107 ze wzgl\u0119d\u00f3w administracyjnych, prawnych albo bezpiecze\u0144stwa.<\/p>\n","protected":false},"excerpt":{"rendered":"&nbsp; Administratorem danych osobowych U\u017cytkownika udost\u0119pnionych za po\u015brednictwem formularza kontaktowego, czyli podmiotem decyduj\u0105cym o celach i sposobach ich przetwarzania, jest&nbsp;\u0141adny Dach Mariusz Bryda z siedzib\u0105: ul. Modrzewiowa 87a, 38-100 Rzesz\u00f3w, NIP 8191529246 &nbsp;(dalej jako Administrator). Podane przez U\u017cytkownika w formularzu kontaktowym dane osobowe s\u0105 przetwarzane przez Administratora na podstawie zgody wyra\u017conej przez U\u017cytkownika, w rozumieniu[&#8230;]","protected":false},"author":1,"featured_media":0,"parent":0,"menu_order":0,"comment_status":"closed","ping_status":"closed","template":"","meta":[],"yoast_head":"<!-- This site is optimized with the Yoast SEO plugin v20.6 - https:\/\/yoast.com\/wordpress\/plugins\/seo\/ -->\n<title>Budowa dom\u00f3w Rzesz\u00f3w<\/title>\n<meta name=\"description\" content=\"Budujemy domy od podstaw wraz z budow\u0105 dach\u00f3w. Kompleksowa obs\u0142uga od fundament\u00f3w po dach.\" \/>\n<meta name=\"robots\" content=\"index, follow, max-snippet:-1, max-image-preview:large, max-video-preview:-1\" \/>\n<link rel=\"canonical\" href=\"https:\/\/www.budowadomowrzeszow.eu\/index.php\/polityka-prywatnosci\/\" \/>\n<meta property=\"og:locale\" content=\"pl_PL\" \/>\n<meta property=\"og:type\" content=\"article\" \/>\n<meta property=\"og:title\" content=\"Budowa dom\u00f3w Rzesz\u00f3w\" \/>\n<meta property=\"og:description\" content=\"Budujemy domy od podstaw wraz z budow\u0105 dach\u00f3w. Kompleksowa obs\u0142uga od fundament\u00f3w po dach.\" \/>\n<meta property=\"og:url\" content=\"https:\/\/www.budowadomowrzeszow.eu\/index.php\/polityka-prywatnosci\/\" \/>\n<meta property=\"og:site_name\" content=\"Firma budowlana Rzesz\u00f3w\" \/>\n<meta property=\"article:modified_time\" content=\"2020-01-02T18:27:14+00:00\" \/>\n<meta name=\"twitter:card\" content=\"summary_large_image\" \/>\n<meta name=\"twitter:label1\" content=\"Szacowany czas czytania\" \/>\n\t<meta name=\"twitter:data1\" content=\"7 minut\" \/>\n<script type=\"application\/ld+json\" class=\"yoast-schema-graph\">{\"@context\":\"https:\/\/schema.org\",\"@graph\":[{\"@type\":\"WebPage\",\"@id\":\"https:\/\/www.budowadomowrzeszow.eu\/index.php\/polityka-prywatnosci\/\",\"url\":\"https:\/\/www.budowadomowrzeszow.eu\/index.php\/polityka-prywatnosci\/\",\"name\":\"Budowa dom\u00f3w Rzesz\u00f3w\",\"isPartOf\":{\"@id\":\"https:\/\/www.budowadomowrzeszow.eu\/#website\"},\"datePublished\":\"2019-11-14T13:52:40+00:00\",\"dateModified\":\"2020-01-02T18:27:14+00:00\",\"description\":\"Budujemy domy od podstaw wraz z budow\u0105 dach\u00f3w. Kompleksowa obs\u0142uga od fundament\u00f3w po dach.\",\"breadcrumb\":{\"@id\":\"https:\/\/www.budowadomowrzeszow.eu\/index.php\/polityka-prywatnosci\/#breadcrumb\"},\"inLanguage\":\"pl-PL\",\"potentialAction\":[{\"@type\":\"ReadAction\",\"target\":[\"https:\/\/www.budowadomowrzeszow.eu\/index.php\/polityka-prywatnosci\/\"]}]},{\"@type\":\"BreadcrumbList\",\"@id\":\"https:\/\/www.budowadomowrzeszow.eu\/index.php\/polityka-prywatnosci\/#breadcrumb\",\"itemListElement\":[{\"@type\":\"ListItem\",\"position\":1,\"name\":\"Strona g\u0142\u00f3wna\",\"item\":\"https:\/\/www.budowadomowrzeszow.eu\/\"},{\"@type\":\"ListItem\",\"position\":2,\"name\":\"RODO &#038; Polityka prywatno\u015bci\"}]},{\"@type\":\"WebSite\",\"@id\":\"https:\/\/www.budowadomowrzeszow.eu\/#website\",\"url\":\"https:\/\/www.budowadomowrzeszow.eu\/\",\"name\":\"Firma budowlana Rzesz\u00f3w\",\"description\":\"Budowa dom\u00f3w\",\"publisher\":{\"@id\":\"https:\/\/www.budowadomowrzeszow.eu\/#organization\"},\"potentialAction\":[{\"@type\":\"SearchAction\",\"target\":{\"@type\":\"EntryPoint\",\"urlTemplate\":\"https:\/\/www.budowadomowrzeszow.eu\/?s={search_term_string}\"},\"query-input\":\"required name=search_term_string\"}],\"inLanguage\":\"pl-PL\"},{\"@type\":\"Organization\",\"@id\":\"https:\/\/www.budowadomowrzeszow.eu\/#organization\",\"name\":\"\u0141adny Dach\",\"url\":\"https:\/\/www.budowadomowrzeszow.eu\/\",\"logo\":{\"@type\":\"ImageObject\",\"inLanguage\":\"pl-PL\",\"@id\":\"https:\/\/www.budowadomowrzeszow.eu\/#\/schema\/logo\/image\/\",\"url\":\"https:\/\/www.budowadomowrzeszow.eu\/wp-content\/uploads\/2019\/11\/LOGO-\u0141ADNY-DACH.png\",\"contentUrl\":\"https:\/\/www.budowadomowrzeszow.eu\/wp-content\/uploads\/2019\/11\/LOGO-\u0141ADNY-DACH.png\",\"width\":159,\"height\":80,\"caption\":\"\u0141adny Dach\"},\"image\":{\"@id\":\"https:\/\/www.budowadomowrzeszow.eu\/#\/schema\/logo\/image\/\"}}]}<\/script>\n<!-- \/ Yoast SEO plugin. -->","yoast_head_json":{"title":"Budowa dom\u00f3w Rzesz\u00f3w","description":"Budujemy domy od podstaw wraz z budow\u0105 dach\u00f3w. Kompleksowa obs\u0142uga od fundament\u00f3w po dach.","robots":{"index":"index","follow":"follow","max-snippet":"max-snippet:-1","max-image-preview":"max-image-preview:large","max-video-preview":"max-video-preview:-1"},"canonical":"https:\/\/www.budowadomowrzeszow.eu\/index.php\/polityka-prywatnosci\/","og_locale":"pl_PL","og_type":"article","og_title":"Budowa dom\u00f3w Rzesz\u00f3w","og_description":"Budujemy domy od podstaw wraz z budow\u0105 dach\u00f3w. Kompleksowa obs\u0142uga od fundament\u00f3w po dach.","og_url":"https:\/\/www.budowadomowrzeszow.eu\/index.php\/polityka-prywatnosci\/","og_site_name":"Firma budowlana Rzesz\u00f3w","article_modified_time":"2020-01-02T18:27:14+00:00","twitter_card":"summary_large_image","twitter_misc":{"Szacowany czas czytania":"7 minut"},"schema":{"@context":"https:\/\/schema.org","@graph":[{"@type":"WebPage","@id":"https:\/\/www.budowadomowrzeszow.eu\/index.php\/polityka-prywatnosci\/","url":"https:\/\/www.budowadomowrzeszow.eu\/index.php\/polityka-prywatnosci\/","name":"Budowa dom\u00f3w Rzesz\u00f3w","isPartOf":{"@id":"https:\/\/www.budowadomowrzeszow.eu\/#website"},"datePublished":"2019-11-14T13:52:40+00:00","dateModified":"2020-01-02T18:27:14+00:00","description":"Budujemy domy od podstaw wraz z budow\u0105 dach\u00f3w. Kompleksowa obs\u0142uga od fundament\u00f3w po dach.","breadcrumb":{"@id":"https:\/\/www.budowadomowrzeszow.eu\/index.php\/polityka-prywatnosci\/#breadcrumb"},"inLanguage":"pl-PL","potentialAction":[{"@type":"ReadAction","target":["https:\/\/www.budowadomowrzeszow.eu\/index.php\/polityka-prywatnosci\/"]}]},{"@type":"BreadcrumbList","@id":"https:\/\/www.budowadomowrzeszow.eu\/index.php\/polityka-prywatnosci\/#breadcrumb","itemListElement":[{"@type":"ListItem","position":1,"name":"Strona g\u0142\u00f3wna","item":"https:\/\/www.budowadomowrzeszow.eu\/"},{"@type":"ListItem","position":2,"name":"RODO &#038; Polityka prywatno\u015bci"}]},{"@type":"WebSite","@id":"https:\/\/www.budowadomowrzeszow.eu\/#website","url":"https:\/\/www.budowadomowrzeszow.eu\/","name":"Firma budowlana Rzesz\u00f3w","description":"Budowa dom\u00f3w","publisher":{"@id":"https:\/\/www.budowadomowrzeszow.eu\/#organization"},"potentialAction":[{"@type":"SearchAction","target":{"@type":"EntryPoint","urlTemplate":"https:\/\/www.budowadomowrzeszow.eu\/?s={search_term_string}"},"query-input":"required name=search_term_string"}],"inLanguage":"pl-PL"},{"@type":"Organization","@id":"https:\/\/www.budowadomowrzeszow.eu\/#organization","name":"\u0141adny Dach","url":"https:\/\/www.budowadomowrzeszow.eu\/","logo":{"@type":"ImageObject","inLanguage":"pl-PL","@id":"https:\/\/www.budowadomowrzeszow.eu\/#\/schema\/logo\/image\/","url":"https:\/\/www.budowadomowrzeszow.eu\/wp-content\/uploads\/2019\/11\/LOGO-\u0141ADNY-DACH.png","contentUrl":"https:\/\/www.budowadomowrzeszow.eu\/wp-content\/uploads\/2019\/11\/LOGO-\u0141ADNY-DACH.png","width":159,"height":80,"caption":"\u0141adny Dach"},"image":{"@id":"https:\/\/www.budowadomowrzeszow.eu\/#\/schema\/logo\/image\/"}}]}},"_links":{"self":[{"href":"https:\/\/www.budowadomowrzeszow.eu\/index.php\/wp-json\/wp\/v2\/pages\/3"}],"collection":[{"href":"https:\/\/www.budowadomowrzeszow.eu\/index.php\/wp-json\/wp\/v2\/pages"}],"about":[{"href":"https:\/\/www.budowadomowrzeszow.eu\/index.php\/wp-json\/wp\/v2\/types\/page"}],"author":[{"embeddable":true,"href":"https:\/\/www.budowadomowrzeszow.eu\/index.php\/wp-json\/wp\/v2\/users\/1"}],"replies":[{"embeddable":true,"href":"https:\/\/www.budowadomowrzeszow.eu\/index.php\/wp-json\/wp\/v2\/comments?post=3"}],"version-history":[{"count":6,"href":"https:\/\/www.budowadomowrzeszow.eu\/index.php\/wp-json\/wp\/v2\/pages\/3\/revisions"}],"predecessor-version":[{"id":2297,"href":"https:\/\/www.budowadomowrzeszow.eu\/index.php\/wp-json\/wp\/v2\/pages\/3\/revisions\/2297"}],"wp:attachment":[{"href":"https:\/\/www.budowadomowrzeszow.eu\/index.php\/wp-json\/wp\/v2\/media?parent=3"}],"curies":[{"name":"wp","href":"https:\/\/api.w.org\/{rel}","templated":true}]}}